 highest common divisor of 688 and 43.
43
Calculate the greatest common divisor of 282 and 46624.
94
What is the highest common factor of 135 and 15?
15
Calculate the highest common factor of 4760 and 560.
280
What is the highest common divisor of 6080 and 10?
10
What is the highest common divisor of 24 and 42072?
24
What is the highest common divisor of 26 and 832?
26
What is the highest common divisor of 488 and 854?
122
What is the highest common factor of 15 and 81?
3
What is the highest common factor of 3519 and 1377?
153
Calculate the greatest common divisor of 445 and 5.
5
Calculate the highest common factor of 14 and 2282.
14
What is the greatest common divisor of 680 and 425?
85
What is the highest common factor of 57 and 171?
57
What is the greatest common factor of 7 and 9?
1
What is the greatest common factor of 81 and 54?
27
Calculate the highest common factor of 1668 and 695.
139
Calculate the greatest common divisor of 29465 and 142.
71
What is the greatest common divisor of 90 and 162?
18
What is the highest common factor of 2071 and 133?
19
Calculate the greatest common factor of 1242 and 966.
138
What is the greatest common factor of 3765 and 45?
15
Calculate the highest common divisor of 117 and 26.
13
Calculate the greatest common factor of 190 and 18905.
95
What is the greatest common factor of 1598 and 188?
94
What is the greatest common factor of 29 and 87?
29
Calculate the highest common divisor of 390 and 30.
30
What is the highest common factor of 2 and 386?
2
Calculate the greatest common divisor of 638 and 290.
58
What is the greatest common factor of 85 and 5015?
85
What is the highest common divisor of 29 and 87?
29
What is the greatest common divisor of 357 and 2975?
119
What is the highest common divisor of 168 and 5404?
28
Calculate the greatest common factor of 1122 and 22.
22
Calculate the highest common factor of 1599 and 1476.
123
Calculate the highest common factor of 24 and 23664.
24
Calculate the greatest common divisor of 98 and 126.
14
Calculate the greatest common divisor of 24 and 37896.
24
Calculate the highest common factor of 14 and 259.
7
Calculate the greatest common divisor of 45 and 180.
45
What is the greatest common factor of 3124 and 33?
11
What is the highest common factor of 25 and 7265?
5
Calculate the highest common divisor of 131 and 2227.
131
What is the highest common divisor of 572 and 52?
52
What is the highest common factor of 414 and 18?
18
What is the greatest common factor of 184 and 3082?
46
Calculate the highest common factor of 110 and 88.
22
Calculate the highest common divisor of 704 and 1012.
44
What is the highest common divisor of 33 and 297?
33
What is the greatest common factor of 28 and 28?
28
What is the highest common factor of 336 and 18?
6
What is the highest common factor of 1711 and 203?
29
What is the highest common divisor of 356 and 16287?
89
What is the highest common factor of 216 and 244?
4
Calculate the greatest common divisor of 2988 and 83.
83
What is the highest common factor of 2507 and 23?
23
What is the highest common factor of 36 and 192?
12
Calculate the highest common divisor of 23 and 1633.
23
What is the greatest common factor of 119 and 5117?
119
What is the greatest common divisor of 20 and 5420?
20
What is the highest common divisor of 220 and 605?
55
Calculate the highest common divisor of 7081 and 97.
97
Calculate the greatest common factor of 1472 and 64.
64
What is the greatest common divisor of 6196 and 4?
4
What is the greatest common factor of 84 and 60?
12
Calculate the greatest common divisor of 7598 and 174.
58
What is the highest common factor of 4 and 236?
4
Calculate the highest common divisor of 96 and 5376.
96
Calculate the greatest common factor of 968 and 132.
44
Calculate the greatest common divisor of 2842 and 588.
98
What is the greatest common divisor of 105 and 1540?
35
Calculate the greatest common factor of 507 and 546.
39
What is the greatest common factor of 116 and 420?
4
Calculate the highest common divisor of 213 and 355.
71
Calculate the highest common divisor of 945 and 15.
15
Calculate the highest common divisor of 768 and 432.
48
What is the greatest common divisor of 6 and 483?
3
What is the highest common divisor of 122 and 2501?
61
Calculate the greatest common factor of 27 and 35802.
27
Calculate the highest common divisor of 828 and 68.
4
What is the greatest common divisor of 98 and 56?
14
Calculate the highest common divisor of 10912 and 176.
176
What is the highest common divisor of 32 and 26?
2
What is the highest common divisor of 63 and 203?
7
Calculate the greatest common factor of 496 and 24.
8
What is the highest common factor of 459 and 14994?
153
Calculate the greatest common divisor of 86 and 6407.
43
Calculate the highest common divisor of 4 and 14.
2
What is the highest common divisor of 144 and 252?
36
Calculate the greatest common divisor of 1445 and 5.
5
What is the highest common divisor of 585 and 10?
5
Calculate the highest common factor of 12 and 44.
4
What is the highest common divisor of 104 and 64?
8
What is the highest common factor of 123 and 5289?
123
Calculate the greatest common divisor of 127 and 3937.
127
Calculate the highest common factor of 230 and 138.
46
Calculate the greatest common factor of 67956 and 12.
12
Calculate the highest common factor of 24 and 216.
24
Calculate the greatest common divisor of 2527 and 266.
133
Calculate the highest common factor of 16 and 92.
4
What is the greatest common divisor of 8148 and 12?
12
Calculate the greatest common divisor of 138 and 15249.
69
What is the greatest common divisor of 3811 and 37?
37
What is the highest common divisor of 702 and 108?
54
What is the greatest common divisor of 175 and 21?
7
Calculate the greatest common divisor of 1863 and 138.
69
What is the greatest common divisor of 130 and 208?
26
Calculate the highest common divisor of 114 and 918.
6
Calculate the greatest common factor of 6 and 1074.
6
What is the highest common divisor of 156 and 36?
12
What is the highest common factor of 540 and 81?
27
Calculate the greatest common divisor of 20 and 356.
4
Calculate the greatest common factor of 688 and 43.
43
What is the greatest common divisor of 26 and 43849?
13
Calculate the greatest common divisor of 1085 and 31.
31
Calculate the highest common divisor of 64 and 736.
32
Calculate the greatest common divisor of 3515 and 760.
95
What is the greatest common divisor of 768 and 96?
96
Calculate the greatest common divisor of 4050 and 60.
30
What is the greatest common divisor of 5140 and 20?
20
What is the highest common divisor of 36 and 240?
12
Calculate the highest common divisor of 10 and 70.
10
What is the highest common factor of 2597 and 106?
53
Calculate the greatest common factor of 981 and 9.
9
Calculate the greatest common factor of 228 and 16.
4
What is the greatest common divisor of 5 and 635?
5
What is the highest common factor of 1296 and 288?
144
Calculate the highest common divisor of 564 and 4.
4
What is the greatest common factor of 336 and 16?
16
What is the greatest common divisor of 4384 and 16?
16
Calculate the highest common divisor of 1593 and 59.
59
Calculate the highest common divisor of 116 and 58.
58
Calculate the greatest common factor of 2294 and 407.
37
What is the highest common factor of 12 and 1410?
6
What is the highest common factor of 21 and 651?
21
Calculate the highest common factor of 323 and 187.
17
What is the greatest common divisor of 56 and 322?
14
What is the highest common factor of 330 and 198?
66
Calculate the highest common factor of 188 and 846.
94
Calculate the highest common factor of 539 and 784.
49
What is the highest common divisor of 22 and 2?
2
Calculate the greatest common factor of 372 and 48.
12
Calculate the highest common factor of 190 and 114.
38
What is the greatest common factor of 2 and 278?
2
What is the greatest common factor of 13710 and 30?
30
What is the highest common factor of 322 and 230?
46
What is the greatest common factor of 744 and 552?
24
Calculate the highest common factor of 135 and 3690.
45
What is the greatest common factor of 2 and 46?
2
What is the greatest common divisor of 66 and 363?
33
Calculate the greatest com